105
What is the highest common factor of 1794 and 12259?
299
Calculate the highest common factor of 90 and 1440.
90
Calculate the highest common divisor of 9 and 567.
9
Calculate the greatest common factor of 357 and 63.
21
What is the highest common divisor of 1590 and 330?
30
What is the highest common divisor of 7778 and 2?
2
Calculate the greatest common divisor of 24 and 378.
6
Calculate the greatest common divisor of 507 and 39.
39
Calculate the greatest common factor of 66 and 297.
33
What is the greatest common divisor of 10 and 19320?
10
What is the greatest common divisor of 49580 and 60?
20
What is the greatest common factor of 70 and 266?
14
Calculate the greatest common factor of 441 and 7.
7
What is the greatest common factor of 372 and 24?
12
What is the highest common factor of 7 and 2863?
7
What is the highest common divisor of 1352 and 312?
104
What is the highest common divisor of 16448 and 16?
16
What is the greatest common factor of 4108 and 364?
52
What is the highest common factor of 54626 and 286?
286
Calculate the highest common divisor of 28 and 210.
14
Calculate the highest common divisor of 90 and 18.
18
Calculate the greatest common divisor of 300 and 5640.
60
Calculate the highest common factor of 4080 and 5.
5
What is the greatest common factor of 4330 and 100?
10
What is the greatest common divisor of 27020 and 700?
140
What is the highest common factor of 8 and 1164?
4
What is the highest common factor of 63 and 333?
9
Calculate the highest common divisor of 610 and 10.
10
Calculate the highest common factor of 117 and 273.
39
Calculate the greatest common factor of 4 and 36.
4
Calculate the highest common factor of 10823 and 137.
137
What is the highest common divisor of 32 and 160?
32
Calculate the greatest common divisor of 169 and 117.
13
Calculate the highest common factor of 48 and 600.
24
Calculate the highest common factor of 528 and 957.
33
Calculate the highest common divisor of 35 and 21.
7
Calculate the greatest common divisor of 2816 and 220.
44
What is the highest common factor of 3405 and 15?
15
What is the highest common factor of 159 and 10653?
159
Calculate the greatest common factor of 10 and 125.
5
What is the greatest common factor of 9615 and 30?
15
What is the highest common divisor of 93 and 837?
93
What is the greatest common factor of 3 and 327?
3
What is the highest common factor of 645 and 33?
3
What is the greatest common factor of 1398 and 6?
6
Calculate the highest common factor of 28 and 1946.
14
Calculate the highest common factor of 224 and 336.
112
What is the highest common factor of 154 and 70?
14
What is the highest common factor of 976 and 32?
16
Calculate the highest common divisor of 119 and 136.
17
Calculate the greatest common factor of 111 and 1221.
111
What is the highest common divisor of 904 and 565?
113
What is the highest common divisor of 48 and 33?
3
Calculate the greatest common divisor of 20 and 1950.
10
Calculate the highest common divisor of 432 and 288.
144
What is the greatest common divisor of 4 and 9168?
4
What is the greatest common factor of 70 and 1120?
70
Calculate the highest common factor of 136 and 10948.
68
What is the greatest common factor of 2244 and 612?
204
Calculate the greatest common divisor of 19 and 5947.
19
Calculate the highest common factor of 6208 and 16.
16
Calculate the greatest common divisor of 8 and 800.
8
What is the highest common factor of 49332 and 12?
12
What is the highest common divisor of 204 and 24?
12
What is the greatest common divisor of 1391 and 107?
107
Calculate the greatest common factor of 472 and 40.
8
What is the highest common divisor of 40 and 19830?
10
Calculate the greatest common divisor of 672 and 42.
42
What is the greatest common divisor of 747 and 25647?
249
Calculate the highest common divisor of 18 and 63.
9
Calculate the highest common divisor of 12224 and 24.
8
What is the highest common factor of 126 and 90?
18
Calculate the greatest common factor of 50 and 365.
5
Calculate the highest common divisor of 133 and 19.
19
Calculate the greatest common factor of 1248 and 39.
39
Calculate the highest common factor of 45 and 25.
5
Calculate the greatest common factor of 7987 and 652.
163
Calculate the highest common factor of 13981 and 62.
31
What is the greatest common factor of 112 and 49?
7
Calculate the highest common divisor of 30 and 330.
30
What is the greatest common factor of 17450 and 30?
10
Calculate the highest common divisor of 725 and 116.
29
Calculate the highest common factor of 7 and 469.
7
Calculate the highest common divisor of 312 and 8.
8
Calculate the highest common divisor of 10 and 6.
2
Calculate the highest common factor of 1962 and 1090.
218
What is the greatest common factor of 110 and 310?
10
Calculate the greatest common factor of 2170 and 70.
70
Calculate the greatest common factor of 920 and 14168.
184
What is the greatest common divisor of 96 and 3552?
96
What is the greatest common factor of 119 and 35?
7
What is the greatest common divisor of 9624 and 24?
24
What is the highest common factor of 325 and 25?
25
What is the highest common factor of 187 and 11?
11
What is the highest common divisor of 598 and 874?
46
Calculate the greatest common factor of 34 and 3502.
34
What is the greatest common divisor of 91 and 26?
13
What is the highest common factor of 31 and 11377?
31
What is the greatest common factor of 130 and 1810?
10
Calculate the greatest common divisor of 2810 and 80.
10
What is the greatest common factor of 2911 and 697?
41
Calculate the highest common factor of 540 and 6.
6
What is the highest common factor of 54330 and 15?
15
Calculate the greatest common factor of 88 and 24376.
88
Calculate the highest common factor of 22 and 13684.
22
What is the greatest common divisor of 69 and 33856?
23
Calculate the highest common divisor of 48 and 1776.
48
Calculate the greatest common factor of 459 and 765.
153
What is the highest common factor of 97 and 7663?
97
Calculate the greatest common factor of 2912 and 544.
32
Calculate the highest common divisor of 573 and 19291.
191
Calculate the highest common divisor of 48 and 288.
48
What is the greatest common divisor of 375 and 120?
15
Calculate the highest common factor of 559 and 43.
43
Calculate the highest common divisor of 5611 and 1267.
181
What is the highest common factor of 305 and 1586?
61
Calculate the highest common factor of 4952 and 8.
8
What is the greatest common factor of 27 and 147?
3
Calculate the greatest common divisor of 48 and 656.
16
Calculate the highest common divisor of 14 and 28.
14
What is the greatest common divisor of 42 and 14?
14
What is the highest common factor of 8 and 3232?
8
What is the highest common divisor of 44770 and 148?
74
Calculate the highest common divisor of 30 and 95.
5
Calculate the highest common factor of 462 and 770.
154
What is the greatest common divisor of 32 and 40?
8
What is the highest common divisor of 52 and 7631?
13
What is the highest common divisor of 703 and 247?
19
What is the greatest common factor of 391 and 5?
1
Calculate the greatest common divisor of 4431 and 211.
211
Calculate the highest common divisor of 24 and 1016.
8
What is the highest common divisor of 18 and 603?
9
Calculate the highest common factor of 549 and 488.
61
What is the highest common divisor of 12 and 3256?
4
Calculate the highest common divisor of 9 and 1305.
9
What is the highest common divisor of 1431 and 53?
53
What is the highest common divisor of 363 and 66?
33
What is the greatest common divisor of 28 and 21?
7
Calculate the highest common factor of 84 and 348.
12
Calculate the greatest common factor of 450 and 36.
18
Calculate the highest common divisor of 176 and 4488.
88
What is the greatest common factor of 398 and 2?
2
Calculate the greatest common divisor of 9 and 24.
3
Calculate the highest common divisor of 35 and 280.
35
What is the greatest common factor of 858 and 253?
11
Calculate the greatest common factor of 48 and 204.
12
Calculate the greatest common factor of 284 and 4331.
71
Calculate the highest common factor of 22 and 66.
22
Calculate the greatest common factor of 11 and 847.
11
What is the greatest common divisor of 161 and 69?
23
Calculate